{"id":7,"date":"2017-10-21T17:42:02","date_gmt":"2017-10-21T15:42:02","guid":{"rendered":"http:\/\/dietetique77.fr\/?page_id=7"},"modified":"2025-07-25T17:09:27","modified_gmt":"2025-07-25T15:09:27","slug":"accueil","status":"publish","type":"page","link":"https:\/\/dietetique77.fr\/","title":{"rendered":"Accueil"},"content":{"rendered":"<p>Di\u00e9t\u00e9ticienne-Nutritionniste dipl\u00f4m\u00e9e, je consulte sur rendez-vous \u00e0 mon cabinet de <strong>Boissy-Le-Ch\u00e2tel<\/strong> : les lundis, mercredis et vendredis.<\/p>\n<p>Je suis form\u00e9e et sp\u00e9cialis\u00e9e dans les domaines suivants :<\/p>\n<ul>\n<li><strong>Pr\u00e9-conception<\/strong>, femmes <strong>enceintes\/allaitantes<\/strong><\/li>\n<li><strong>Surpoids<\/strong> \/ <strong>ob\u00e9sit\u00e9<\/strong> \/ chirurgie <strong>bariatrique<\/strong> (sleeve, by-pass&#8230;)<\/li>\n<li>Alimentation <strong>v\u00e9g\u00e9tarienne<\/strong> \/ v\u00e9g\u00e9talienne<\/li>\n<li>Alimentation <strong>p\u00e9diatrique<\/strong> (b\u00e9b\u00e9\/enfant) : trouble alimentation, cassure courbe de poids, n\u00e9ophobie, diversification&#8230;<\/li>\n<\/ul>\n<p>Je m&rsquo;occupe aussi de diff\u00e9rentes pathologies n\u00e9cessitant un <strong>r\u00e9gime particulier<\/strong> (diab\u00e8te, hypertension, exc\u00e8s de cholest\u00e9rol, troubles digestifs&#8230;) .<\/p>\n<p>Je suis l\u00e0 aussi pour vous <strong>aider \u00e0 bien manger<\/strong>, \u00e0 <strong>r\u00e9\u00e9quilibrer votre alimentation<\/strong> pour <strong>rester en bonne sant\u00e9<\/strong> le plus longtemps possible.<\/p>\n<p>Pour tout le monde : b\u00e9b\u00e9s, enfants, adolescents, adultes<\/p>\n","protected":false},"excerpt":{"rendered":"<p>Di\u00e9t\u00e9ticienne-Nutritionniste dipl\u00f4m\u00e9e, je consulte sur rendez-vous \u00e0 mon cabinet de Boissy-Le-Ch\u00e2tel : les lundis, mercredis et vendredis. Je suis form\u00e9e et sp\u00e9cialis\u00e9e dans les domaines suivants : Pr\u00e9-conception, femmes enceintes\/allaitantes Surpoids \/ ob\u00e9sit\u00e9 \/ chirurgie bariatrique (sleeve, by-pass&#8230;) Alimentation v\u00e9g\u00e9tarienne &hellip; <a href=\"https:\/\/dietetique77.fr\/\">Continuer la lecture <span class=\"meta-nav\">&rarr;<\/span><\/a><\/p>\n","protected":false},"author":1,"featured_media":0,"parent":0,"menu_order":0,"comment_status":"closed","ping_status":"closed","template":"","meta":{"_mi_skip_tracking":false,"_monsterinsights_sitenote_active":false,"_monsterinsights_sitenote_note":"","_monsterinsights_sitenote_category":0,"jetpack_post_was_ever_published":false,"footnotes":""},"jetpack_sharing_enabled":true,"jetpack_shortlink":"https:\/\/wp.me\/P9AQGn-7","_links":{"self":[{"href":"https:\/\/dietetique77.fr\/index.php?rest_route=\/wp\/v2\/pages\/7"}],"collection":[{"href":"https:\/\/dietetique77.fr\/index.php?rest_route=\/wp\/v2\/pages"}],"about":[{"href":"https:\/\/dietetique77.fr\/index.php?rest_route=\/wp\/v2\/types\/page"}],"author":[{"embeddable":true,"href":"https:\/\/dietetique77.fr\/index.php?rest_route=\/wp\/v2\/users\/1"}],"replies":[{"embeddable":true,"href":"https:\/\/dietetique77.fr\/index.php?rest_route=%2Fwp%2Fv2%2Fcomments&post=7"}],"version-history":[{"count":28,"href":"https:\/\/dietetique77.fr\/index.php?rest_route=\/wp\/v2\/pages\/7\/revisions"}],"predecessor-version":[{"id":289,"href":"https:\/\/dietetique77.fr\/index.php?rest_route=\/wp\/v2\/pages\/7\/revisions\/289"}],"wp:attachment":[{"href":"https:\/\/dietetique77.fr\/index.php?rest_route=%2Fwp%2Fv2%2Fmedia&parent=7"}],"curies":[{"name":"wp","href":"https:\/\/api.w.org\/{rel}","templated":true}]}}