{"id":66,"date":"2017-12-08T15:15:32","date_gmt":"2017-12-08T14:15:32","guid":{"rendered":"http:\/\/dietetique77.fr\/?page_id=66"},"modified":"2025-07-23T16:41:40","modified_gmt":"2025-07-23T14:41:40","slug":"qui-suis-je","status":"publish","type":"page","link":"https:\/\/dietetique77.fr\/?page_id=66","title":{"rendered":"Qui suis-je"},"content":{"rendered":"<p><img loading=\"lazy\" decoding=\"async\" class=\" wp-image-72 alignleft\" src=\"http:\/\/dietetique77.fr\/wp-content\/uploads\/2017\/12\/IMG_3105-210x300.jpg\" alt=\"\" width=\"289\" height=\"413\" srcset=\"https:\/\/dietetique77.fr\/wp-content\/uploads\/2017\/12\/IMG_3105-210x300.jpg 210w, https:\/\/dietetique77.fr\/wp-content\/uploads\/2017\/12\/IMG_3105.jpg 521w\" sizes=\"(max-width: 289px) 100vw, 289px\" \/>Les probl\u00e8mes de poids, je connais bien.<\/p>\n<p>En surpoids depuis mon enfance, j&rsquo;ai essay\u00e9 toutes sortes de r\u00e9gimes&#8230; Certains ont bien march\u00e9s, mais les kilos sont revenus \u00e0 chaque fois (et avec quelques amis \u00e0 eux)&#8230; Un vrai cercle vicieux.<\/p>\n<p>Au fil des ann\u00e9es, les kilos se sont install\u00e9s jusqu&rsquo;\u00e0 atteindre le stade d&rsquo;ob\u00e9sit\u00e9 morbide.<\/p>\n<p>Apr\u00e8s plusieurs ann\u00e9es de r\u00e9flexion et d&rsquo;\u00e9checs pour perdre du poids, j&rsquo;ai effectu\u00e9e une sleeve en 2012 (chirurgie afin de r\u00e9duire le volume de l&rsquo;estomac). C&rsquo;\u00e9tait une d\u00e9cision importante et lourde de cons\u00e9quence mais que je ne regrette pas aujourd&rsquo;hui.<\/p>\n<p>Lors de ce parcours, j&rsquo;ai rencontr\u00e9 des professionnels de la di\u00e9t\u00e9tique qui m&rsquo;ont r\u00e9-appris \u00e0 bien manger et \u00e0 prendre soin de moi et de mon corps. Une nouvelle philosophie qui a chang\u00e9 ma vie.<\/p>\n<p>J&rsquo;ai voulu \u00e0 mon tour aider des personnes en difficult\u00e9 comme je l&rsquo;\u00e9tais \u00e0 ce moment l\u00e0. J&rsquo;ai donc effectu\u00e9e une reconversion professionnelle. Ancienne consultante en informatique, je suis maintenant di\u00e9t\u00e9ticienne, dipl\u00f4m\u00e9e d&rsquo;un BTS di\u00e9t\u00e9tique depuis 2017.<\/p>\n<p>Je ne suis pas une adepte des r\u00e9gimes strictes, j&rsquo;ai pu tester les d\u00e9g\u00e2ts que cela peut apporter. Mon approche est diff\u00e9rente, et se base sur <strong>l&rsquo;\u00e9quilibrage alimentaire<\/strong>. Reprendre des bonnes habitudes sans oublier de se faire plaisir de temps en temps.<\/p>\n<p>Maman de 3 enfants maintenant dont des jumelles de 20 mois, j&rsquo;ai \u00e0 c\u0153ur l&rsquo;<strong>alimentation p\u00e9diatrique<\/strong> en commen\u00e7ant d\u00e8s la conception ! C&rsquo;est pour cela que je me suis form\u00e9 tout particuli\u00e8rement sur l&rsquo;alimentation de la <strong>femme enceinte \/ allaitante et les enfants de 0-3 ans<\/strong>. J&rsquo;ai aussi approfondi mes connaissances avec la formation sur les <strong>troubles alimentaires p\u00e9diatrique<\/strong> et n\u00e9ophobie.<\/p>\n<h2>Mon Parcours \/ Formations<\/h2>\n<p>2025 : Formation sur les Troubles Alimentaires P\u00e9diatrique (Laure Soulez Larivi\u00e8re)<\/p>\n<p>2024 : Formation Nutrition et suppl\u00e9mentation du v\u00e9g\u00e9tarien &#8211; v\u00e9g\u00e9talien (Oreka Formation)<\/p>\n<p>2024 : Formation Nutrition et suppl\u00e9mentation de la femme enceinte, allaitante et du jeune enfant (Oreka Formation)<\/p>\n<p>2022 : Membre du r\u00e9seau RevesDiab \/ SER Diab\u00e8te<\/p>\n<p>2021 : Formation E.T.P (Education th\u00e9rapeutique du patient) niveau 1<\/p>\n<p>2017 : BTS Di\u00e9t\u00e9tique<\/p>\n","protected":false},"excerpt":{"rendered":"<p>Les probl\u00e8mes de poids, je connais bien. En surpoids depuis mon enfance, j&rsquo;ai essay\u00e9 toutes sortes de r\u00e9gimes&#8230; Certains ont bien march\u00e9s, mais les kilos sont revenus \u00e0 chaque fois (et avec quelques amis \u00e0 eux)&#8230; Un vrai cercle vicieux. &hellip; <a href=\"https:\/\/dietetique77.fr\/?page_id=66\">Continuer la lecture <span class=\"meta-nav\">&rarr;<\/span><\/a><\/p>\n","protected":false},"author":1,"featured_media":0,"parent":0,"menu_order":1,"comment_status":"closed","ping_status":"closed","template":"","meta":{"_mi_skip_tracking":false,"_monsterinsights_sitenote_active":false,"_monsterinsights_sitenote_note":"","_monsterinsights_sitenote_category":0,"jetpack_post_was_ever_published":false,"footnotes":""},"jetpack_sharing_enabled":true,"jetpack_shortlink":"https:\/\/wp.me\/P9AQGn-14","_links":{"self":[{"href":"https:\/\/dietetique77.fr\/index.php?rest_route=\/wp\/v2\/pages\/66"}],"collection":[{"href":"https:\/\/dietetique77.fr\/index.php?rest_route=\/wp\/v2\/pages"}],"about":[{"href":"https:\/\/dietetique77.fr\/index.php?rest_route=\/wp\/v2\/types\/page"}],"author":[{"embeddable":true,"href":"https:\/\/dietetique77.fr\/index.php?rest_route=\/wp\/v2\/users\/1"}],"replies":[{"embeddable":true,"href":"https:\/\/dietetique77.fr\/index.php?rest_route=%2Fwp%2Fv2%2Fcomments&post=66"}],"version-history":[{"count":10,"href":"https:\/\/dietetique77.fr\/index.php?rest_route=\/wp\/v2\/pages\/66\/revisions"}],"predecessor-version":[{"id":283,"href":"https:\/\/dietetique77.fr\/index.php?rest_route=\/wp\/v2\/pages\/66\/revisions\/283"}],"wp:attachment":[{"href":"https:\/\/dietetique77.fr\/index.php?rest_route=%2Fwp%2Fv2%2Fmedia&parent=66"}],"curies":[{"name":"wp","href":"https:\/\/api.w.org\/{rel}","templated":true}]}}

<p><img loading="lazy" decoding="async" class=" wp-image-72 alignleft" src="http://dietetique77.fr/wp-content/uploads/2017/12/IMG_3105-210x300.jpg" alt="" width="289" height="413" srcset="https://dietetique77.fr/wp-content/uploads/2017/12/IMG_3105-210x300.jpg 210w, https://dietetique77.fr/wp-content/uploads/2017/12/IMG_3105.jpg 521w" sizes="(max-width: 289px) 100vw, 289px" />Les problèmes de poids, je connais bien.</p>
<p>En surpoids depuis mon enfance, j&rsquo;ai essayé toutes sortes de régimes&#8230; Certains ont bien marchés, mais les kilos sont revenus à chaque fois (et avec quelques amis à eux)&#8230; Un vrai cercle vicieux.</p>
<p>Au fil des années, les kilos se sont installés jusqu&rsquo;à atteindre le stade d&rsquo;obésité morbide.</p>
<p>Après plusieurs années de réflexion et d&rsquo;échecs pour perdre du poids, j&rsquo;ai effectuée une sleeve en 2012 (chirurgie afin de réduire le volume de l&rsquo;estomac). C&rsquo;était une décision importante et lourde de conséquence mais que je ne regrette pas aujourd&rsquo;hui.</p>
<p>Lors de ce parcours, j&rsquo;ai rencontré des professionnels de la diététique qui m&rsquo;ont ré-appris à bien manger et à prendre soin de moi et de mon corps. Une nouvelle philosophie qui a changé ma vie.</p>
<p>J&rsquo;ai voulu à mon tour aider des personnes en difficulté comme je l&rsquo;étais à ce moment là. J&rsquo;ai donc effectuée une reconversion professionnelle. Ancienne consultante en informatique, je suis maintenant diététicienne, diplômée d&rsquo;un BTS diététique depuis 2017.</p>
<p>Je ne suis pas une adepte des régimes strictes, j&rsquo;ai pu tester les dégâts que cela peut apporter. Mon approche est différente, et se base sur <strong>l&rsquo;équilibrage alimentaire</strong>. Reprendre des bonnes habitudes sans oublier de se faire plaisir de temps en temps.</p>
<p>Maman de 3 enfants maintenant dont des jumelles de 20 mois, j&rsquo;ai à cœur l&rsquo;<strong>alimentation pédiatrique</strong> en commençant dès la conception ! C&rsquo;est pour cela que je me suis formé tout particulièrement sur l&rsquo;alimentation de la <strong>femme enceinte / allaitante et les enfants de 0-3 ans</strong>. J&rsquo;ai aussi approfondi mes connaissances avec la formation sur les <strong>troubles alimentaires pédiatrique</strong> et néophobie.</p>
<h2>Mon Parcours / Formations</h2>
<p>2025 : Formation sur les Troubles Alimentaires Pédiatrique (Laure Soulez Larivière)</p>
<p>2024 : Formation Nutrition et supplémentation du végétarien &#8211; végétalien (Oreka Formation)</p>
<p>2024 : Formation Nutrition et supplémentation de la femme enceinte, allaitante et du jeune enfant (Oreka Formation)</p>
<p>2022 : Membre du réseau RevesDiab / SER Diabète</p>
<p>2021 : Formation E.T.P (Education thérapeutique du patient) niveau 1</p>
<p>2017 : BTS Diététique</p>

<p>Les problèmes de poids, je connais bien. En surpoids depuis mon enfance, j&rsquo;ai essayé toutes sortes de régimes&#8230; Certains ont bien marchés, mais les kilos sont revenus à chaque fois (et avec quelques amis à eux)&#8230; Un vrai cercle vicieux. &hellip; <a href="https://dietetique77.fr/?page_id=66">Continuer la lecture <span class="meta-nav">&rarr;</span></a></p>
