{"id":253,"date":"2025-01-31T17:07:58","date_gmt":"2025-01-31T16:07:58","guid":{"rendered":"http:\/\/dietetique77.fr\/?page_id=253"},"modified":"2025-08-29T11:54:18","modified_gmt":"2025-08-29T09:54:18","slug":"pourquoi-voir-une-dieteticienne","status":"publish","type":"page","link":"https:\/\/dietetique77.fr\/?page_id=253","title":{"rendered":"Pourquoi voir une di\u00e9t\u00e9ticienne ?"},"content":{"rendered":"\n<p>Envie\/besoin de manger plus sainement pour prendre soin de vous et de votre sant\u00e9 ? Je suis l\u00e0 pour vous aider tout en douceur. Adepte du r\u00e9\u00e9quilibrage alimentaire plut\u00f4t que du r\u00e9gime restrictif, je vous accompagne sereinement dans votre perte de poids.<\/p>\n\n\n\n<p>Je peux vous accompagner aussi dans le suivi de votre diab\u00e8te (membre du r\u00e9seau RevesDiab\/SER Diab\u00e8te IDF) ou pour toute autre pathologie n\u00e9cessitant une alimentation adapt\u00e9e (hypertension, cholest\u00e9rol, trouble digestif).<\/p>\n\n\n\n<p>J&rsquo;ai suivi aussi une formation particuli\u00e8re pour l&rsquo;alimentation de la femme enceinte et allaitante ou en pr\u00e9-conception.<\/p>\n\n\n\n<p>Je suis aussi form\u00e9e sur les <strong>Trouble Alimentaire P\u00e9diatrique<\/strong>, et peux donc vous aider en cas de difficult\u00e9s alimentaires avec votre b\u00e9b\u00e9 ou enfants (cassure courbe de poids, n\u00e9ophobie alimentaire, diversification&#8230;) ou tout simplement vous aider dans la diversification alimentaire de votre b\u00e9b\u00e9.<\/p>\n\n\n\n<figure class=\"wp-block-image size-large\"><img loading=\"lazy\" decoding=\"async\" width=\"1024\" height=\"894\" src=\"http:\/\/dietetique77.fr\/wp-content\/uploads\/2025\/08\/Pourquoi-voir-une-dieteticienne-V2-1-1024x894.png\" alt=\"\" class=\"wp-image-296\" srcset=\"https:\/\/dietetique77.fr\/wp-content\/uploads\/2025\/08\/Pourquoi-voir-une-dieteticienne-V2-1-1024x894.png 1024w, https:\/\/dietetique77.fr\/wp-content\/uploads\/2025\/08\/Pourquoi-voir-une-dieteticienne-V2-1-300x262.png 300w, https:\/\/dietetique77.fr\/wp-content\/uploads\/2025\/08\/Pourquoi-voir-une-dieteticienne-V2-1-768x671.png 768w, https:\/\/dietetique77.fr\/wp-content\/uploads\/2025\/08\/Pourquoi-voir-une-dieteticienne-V2-1.png 1414w\" sizes=\"(max-width: 1024px) 100vw, 1024px\" \/><\/figure>\n","protected":false},"excerpt":{"rendered":"<p>Envie\/besoin de manger plus sainement pour prendre soin de vous et de votre sant\u00e9 ? Je suis l\u00e0 pour vous aider tout en douceur. Adepte du r\u00e9\u00e9quilibrage alimentaire plut\u00f4t que du r\u00e9gime restrictif, je vous accompagne sereinement dans votre perte &hellip; <a href=\"https:\/\/dietetique77.fr\/?page_id=253\">Continuer la lecture <span class=\"meta-nav\">&rarr;<\/span><\/a><\/p>\n","protected":false},"author":1,"featured_media":0,"parent":0,"menu_order":0,"comment_status":"closed","ping_status":"closed","template":"","meta":{"_mi_skip_tracking":false,"_monsterinsights_sitenote_active":false,"_monsterinsights_sitenote_note":"","_monsterinsights_sitenote_category":0,"jetpack_post_was_ever_published":false,"footnotes":""},"jetpack_sharing_enabled":true,"jetpack_shortlink":"https:\/\/wp.me\/P9AQGn-45","_links":{"self":[{"href":"https:\/\/dietetique77.fr\/index.php?rest_route=\/wp\/v2\/pages\/253"}],"collection":[{"href":"https:\/\/dietetique77.fr\/index.php?rest_route=\/wp\/v2\/pages"}],"about":[{"href":"https:\/\/dietetique77.fr\/index.php?rest_route=\/wp\/v2\/types\/page"}],"author":[{"embeddable":true,"href":"https:\/\/dietetique77.fr\/index.php?rest_route=\/wp\/v2\/users\/1"}],"replies":[{"embeddable":true,"href":"https:\/\/dietetique77.fr\/index.php?rest_route=%2Fwp%2Fv2%2Fcomments&post=253"}],"version-history":[{"count":9,"href":"https:\/\/dietetique77.fr\/index.php?rest_route=\/wp\/v2\/pages\/253\/revisions"}],"predecessor-version":[{"id":298,"href":"https:\/\/dietetique77.fr\/index.php?rest_route=\/wp\/v2\/pages\/253\/revisions\/298"}],"wp:attachment":[{"href":"https:\/\/dietetique77.fr\/index.php?rest_route=%2Fwp%2Fv2%2Fmedia&parent=253"}],"curies":[{"name":"wp","href":"https:\/\/api.w.org\/{rel}","templated":true}]}}

Pourquoi voir une diététicienne ?

<p>Envie/besoin de manger plus sainement pour prendre soin de vous et de votre santé ? Je suis là pour vous aider tout en douceur. Adepte du rééquilibrage alimentaire plutôt que du régime restrictif, je vous accompagne sereinement dans votre perte de poids.</p>



<p>Je peux vous accompagner aussi dans le suivi de votre diabète (membre du réseau RevesDiab/SER Diabète IDF) ou pour toute autre pathologie nécessitant une alimentation adaptée (hypertension, cholestérol, trouble digestif).</p>



<p>J&rsquo;ai suivi aussi une formation particulière pour l&rsquo;alimentation de la femme enceinte et allaitante ou en pré-conception.</p>



<p>Je suis aussi formée sur les <strong>Trouble Alimentaire Pédiatrique</strong>, et peux donc vous aider en cas de difficultés alimentaires avec votre bébé ou enfants (cassure courbe de poids, néophobie alimentaire, diversification&#8230;) ou tout simplement vous aider dans la diversification alimentaire de votre bébé.</p>



<figure class="wp-block-image size-large"><img loading="lazy" decoding="async" width="1024" height="894" src="http://dietetique77.fr/wp-content/uploads/2025/08/Pourquoi-voir-une-dieteticienne-V2-1-1024x894.png" alt="" class="wp-image-296" srcset="https://dietetique77.fr/wp-content/uploads/2025/08/Pourquoi-voir-une-dieteticienne-V2-1-1024x894.png 1024w, https://dietetique77.fr/wp-content/uploads/2025/08/Pourquoi-voir-une-dieteticienne-V2-1-300x262.png 300w, https://dietetique77.fr/wp-content/uploads/2025/08/Pourquoi-voir-une-dieteticienne-V2-1-768x671.png 768w, https://dietetique77.fr/wp-content/uploads/2025/08/Pourquoi-voir-une-dieteticienne-V2-1.png 1414w" sizes="(max-width: 1024px) 100vw, 1024px" /></figure>

<p>Envie/besoin de manger plus sainement pour prendre soin de vous et de votre santé ? Je suis là pour vous aider tout en douceur. Adepte du rééquilibrage alimentaire plutôt que du régime restrictif, je vous accompagne sereinement dans votre perte &hellip; <a href="https://dietetique77.fr/?page_id=253">Continuer la lecture <span class="meta-nav">&rarr;</span></a></p>
